{"id":49774,"date":"2025-11-24T10:18:49","date_gmt":"2025-11-24T15:18:49","guid":{"rendered":"https:\/\/dcasainmobiliaria.com\/?post_type=property&#038;p=49774"},"modified":"2025-12-02T12:36:05","modified_gmt":"2025-12-02T17:36:05","slug":"d-1086-vendo-departamento-en-cuenca-sector-balsay-2-dormitorio-garaje-balcon","status":"publish","type":"property","link":"https:\/\/dcasainmobiliaria.com\/index.php\/property\/d-1086-vendo-departamento-en-cuenca-sector-balsay-2-dormitorio-garaje-balcon\/","title":{"rendered":"(D-1085) Vendo Departamento en Cuenca Sector Balsay, 2 dormitorio,\u00a0 garaje, balc\u00f3n."},"content":{"rendered":"<p><strong>(D-1085) Vendo Departamento en Cuenca\u00a0 \u2013 Sector Balsay -2 dormitorio,\u00a0 garaje, balc\u00f3n.<\/strong><\/p>\n<p>APLICAN CREDITO VIP<\/p>\n<p><strong>PRECIO:\u00a0<\/strong><br \/>\n$85.000 negociable.<\/p>\n<p><em><strong>\u00c1REA TOTAL: 80 <\/strong><\/em><em><strong>m2<\/strong><\/em><\/p>\n<p>Parqueadero: 12.50 m2<\/p>\n<p><strong>DISTRIBUCI\u00d3N:\u00a0<\/strong><br \/>\nSala, comedor, cocina,\u00a0 lavander\u00eda, 2Dormitorios, 2 ba\u00f1os completos, 1 parqueadero, balc\u00f3n.<\/p>\n<p><strong>VENTAJAS:\u00a0<\/strong><\/p>\n<p>Cerca de centros comerciales, hoteles,\u00a0 restaurantes, hospitales, cl\u00ednicas, tiendas, farmacias, panader\u00edas, centros educativos privados y p\u00fablicos, zona de alta plusval\u00eda, con terminados de primera, cuenta con todas las comodidades y muy bien ubicado.<\/p>\n<p>\u2014\u2014\u2014\u2014\u2014\u2014\u2014\u2014\u2014\u2014\u2014\u2014\u2014\u2014\u2014\u2014\u2014\u2014\u2014\u2014\u2014\u2014\u2014\u2014\u2014\u2014\u2014\u2014\u2014\u2014\u2014\u2014\u2014\u2014\u2014\u2014\u2013<br \/>\n<strong>ENCU\u00c9NTRANOS EN:<\/strong><br \/>\nOrdo\u00f1ez Lasso y Los \u00c1lamos esquina \u2013 Edificio Escand\u00f3n.<br \/>\nINFORMACI\u00d3N Y CITAS:<br \/>\n099 869 4960 \u2013 099 861 41 86<br \/>\nwww.dcasainmobiliaria.com<\/p>\n","protected":false},"excerpt":{"rendered":"<p>(D-1085) Vendo Departamento en Cuenca\u00a0 \u2013 Sector Balsay -2 dormitorio,\u00a0 garaje, balc\u00f3n. APLICAN CREDITO VIP PRECIO:\u00a0 $85.000 negociable. \u00c1REA TOTAL: 80 m2 Parqueadero: 12.50 m2 DISTRIBUCI\u00d3N:\u00a0 Sala, comedor, cocina,\u00a0 lavander\u00eda, 2Dormitorios, 2 ba\u00f1os completos, 1 parqueadero, balc\u00f3n. VENTAJAS:\u00a0 Cerca de centros comerciales, hoteles,\u00a0 restaurantes, hospitales, cl\u00ednicas, tiendas, farmacias, panader\u00edas, centros educativos privados y p\u00fablicos, zona [&hellip;]<\/p>\n","protected":false},"author":1,"featured_media":49775,"parent":0,"menu_order":0,"template":"","property_type":[13],"property_status":[21],"property_feature":[99,100,102,268,82,103,181,26,313,112,186,101],"property_label":[401],"property_city":[37,137],"property_area":[405,188,76],"property_state":[65],"class_list":["post-49774","property","type-property","status-publish","has-post-thumbnail","hentry","property_type-departamentos","property_status-venta","property_feature-agua-potable","property_feature-alcantarillado","property_feature-alumbrado-publico","property_feature-encimera-a-gas","property_feature-extractor-de-olores","property_feature-gas-centralizado","property_feature-hermosa-vista","property_feature-lavanderia","property_feature-luz-electrica","property_feature-puerta-electrica","property_feature-sector-residencial","property_feature-veredas","property_label-credito-vip","property_city-cuenca","property_city-parroquia-san-sebastian","property_area-balsay","property_area-cuenca-norte-oeste","property_area-cuenca-sur-oeste","property_state-azuay"],"_links":{"self":[{"href":"https:\/\/dcasainmobiliaria.com\/index.php\/wp-json\/wp\/v2\/properties\/49774","targetHints":{"allow":["GET"]}}],"collection":[{"href":"https:\/\/dcasainmobiliaria.com\/index.php\/wp-json\/wp\/v2\/properties"}],"about":[{"href":"https:\/\/dcasainmobiliaria.com\/index.php\/wp-json\/wp\/v2\/types\/property"}],"author":[{"embeddable":true,"href":"https:\/\/dcasainmobiliaria.com\/index.php\/wp-json\/wp\/v2\/users\/1"}],"version-history":[{"count":3,"href":"https:\/\/dcasainmobiliaria.com\/index.php\/wp-json\/wp\/v2\/properties\/49774\/revisions"}],"predecessor-version":[{"id":50338,"href":"https:\/\/dcasainmobiliaria.com\/index.php\/wp-json\/wp\/v2\/properties\/49774\/revisions\/50338"}],"wp:featuredmedia":[{"embeddable":true,"href":"https:\/\/dcasainmobiliaria.com\/index.php\/wp-json\/wp\/v2\/media\/49775"}],"wp:attachment":[{"href":"https:\/\/dcasainmobiliaria.com\/index.php\/wp-json\/wp\/v2\/media?parent=49774"}],"wp:term":[{"taxonomy":"property_type","embeddable":true,"href":"https:\/\/dcasainmobiliaria.com\/index.php\/wp-json\/wp\/v2\/property_type?post=49774"},{"taxonomy":"property_status","embeddable":true,"href":"https:\/\/dcasainmobiliaria.com\/index.php\/wp-json\/wp\/v2\/property_status?post=49774"},{"taxonomy":"property_feature","embeddable":true,"href":"https:\/\/dcasainmobiliaria.com\/index.php\/wp-json\/wp\/v2\/property_feature?post=49774"},{"taxonomy":"property_label","embeddable":true,"href":"https:\/\/dcasainmobiliaria.com\/index.php\/wp-json\/wp\/v2\/property_label?post=49774"},{"taxonomy":"property_city","embeddable":true,"href":"https:\/\/dcasainmobiliaria.com\/index.php\/wp-json\/wp\/v2\/property_city?post=49774"},{"taxonomy":"property_area","embeddable":true,"href":"https:\/\/dcasainmobiliaria.com\/index.php\/wp-json\/wp\/v2\/property_area?post=49774"},{"taxonomy":"property_state","embeddable":true,"href":"https:\/\/dcasainmobiliaria.com\/index.php\/wp-json\/wp\/v2\/property_state?post=49774"}],"curies":[{"name":"wp","href":"https:\/\/api.w.org\/{rel}","templated":true}]}}

(D-1085) Vendo Departamento en Cuenca Sector Balsay, 2 dormitorio,  garaje, balcón.

<p><strong>(D-1085) Vendo Departamento en Cuenca  – Sector Balsay -2 dormitorio,  garaje, balcón.</strong></p>
<p>APLICAN CREDITO VIP</p>
<p><strong>PRECIO: </strong><br />
$85.000 negociable.</p>
<p><em><strong>ÁREA TOTAL: 80 </strong></em><em><strong>m2</strong></em></p>
<p>Parqueadero: 12.50 m2</p>
<p><strong>DISTRIBUCIÓN: </strong><br />
Sala, comedor, cocina,  lavandería, 2Dormitorios, 2 baños completos, 1 parqueadero, balcón.</p>
<p><strong>VENTAJAS: </strong></p>
<p>Cerca de centros comerciales, hoteles,  restaurantes, hospitales, clínicas, tiendas, farmacias, panaderías, centros educativos privados y públicos, zona de alta plusvalía, con terminados de primera, cuenta con todas las comodidades y muy bien ubicado.</p>
<p>————————————————————————————————————–<br />
<strong>ENCUÉNTRANOS EN:</strong><br />
Ordoñez Lasso y Los Álamos esquina – Edificio Escandón.<br />
INFORMACIÓN Y CITAS:<br />
099 869 4960 – 099 861 41 86<br />
www.dcasainmobiliaria.com</p>

<p>(D-1085) Vendo Departamento en Cuenca  – Sector Balsay -2 dormitorio,  garaje, balcón. APLICAN CREDITO VIP PRECIO:  $85.000 negociable. ÁREA TOTAL: 80 m2 Parqueadero: 12.50 m2 DISTRIBUCIÓN:  Sala, comedor, cocina,  lavandería, 2Dormitorios, 2 baños completos, 1 parqueadero, balcón. VENTAJAS:  Cerca de centros comerciales, hoteles,  restaurantes, hospitales, clínicas, tiendas, farmacias, panaderías, centros educativos privados y públicos, zona [&hellip;]</p>
