{"id":51653,"date":"2026-01-28T12:18:44","date_gmt":"2026-01-28T17:18:44","guid":{"rendered":"https:\/\/dcasainmobiliaria.com\/?post_type=property&#038;p=51653"},"modified":"2026-02-17T19:03:59","modified_gmt":"2026-02-18T00:03:59","slug":"d-1098-vendo-departamento-2-dormitorios-por-estrenar-en-cuenca-sector-primero-de-mayo-2-garajes-y-terraza","status":"publish","type":"property","link":"https:\/\/dcasainmobiliaria.com\/index.php\/property\/d-1098-vendo-departamento-2-dormitorios-por-estrenar-en-cuenca-sector-primero-de-mayo-2-garajes-y-terraza\/","title":{"rendered":"(D-2001) Vendo Departamento 2 dormitorios Primero de Mayo 2 garajes\u00a0 y terraza"},"content":{"rendered":"<p>Vendo Departamento 2 dormitorios por estrenar en Cuenca sector Primero de Mayo 2 garajes\u00a0 y terraza<\/p>\n<p>PRECIO: $221.000<\/p>\n<div dir=\"auto\">\u00c1REA TOTAL: 167.97 m2<\/div>\n<div dir=\"auto\">\u00c1rea \u00fatil: 124.91m2<\/div>\n<div dir=\"auto\">\u00c1rea garaje: 29.51m2<\/div>\n<div dir=\"auto\">\u00c1rea terraza: 7.99 m2<\/div>\n<div dir=\"auto\">Bodega: 5,56 m2*<\/div>\n<p>DISTRIBUCI\u00d3N:<br \/>\nSala, comedor, desayunador, cocina con extractor de olores, lavander\u00eda amplia con lavador de ropa, 1 Dormitorio con walking closet y ba\u00f1o privado, 1 dormitorio con vestidor y ba\u00f1o privado, sala de tv, terraza, 2 garajes y bodega<\/p>\n<p>SERVICIOS:<br \/>\n\u00c1reas sociales: Acabados de lujo, sostenibilidad (paneles solares), y excelentes amenidades como\u00a0 \u00e1rea BBQ,\u00a0 zona coworking,\u00a0 fire pit y conexi\u00f3n directa con \u00e1reas verdes y el tranv\u00eda, con ventanas de PVC\u00a0<span class=\"T286Pc\" data-sfc-cp=\"\" data-processed=\"true\"> para aislamiento ac\u00fastico.\u00a0<\/span>ofreciendo una vida urbana de confort y estilo.<span class=\"uJ19be notranslate\" data-wiz-uids=\"aCvhhf_f\" data-processed=\"true\"><span class=\"vKEkVd\" data-animation-atomic=\"\" data-wiz-attrbind=\"class=aCvhhf_e\/TKHnVd\" data-processed=\"true\">\u00a0<\/span><\/span><\/p>\n<p>VENTAJAS:<br \/>\nCerca de centros comerciales, hoteles, restaurantes, hospitales, cl\u00ednicas, tiendas, farmacias, panader\u00edas, bancos, linea de buses, centros educativos privados y p\u00fablicos, zona de alta plusval\u00eda, con terminados de primera, cuenta con todas las comodidades y muy bien ubicado.<\/p>\n<p>\u2014\u2014\u2014\u2014\u2014\u2014\u2014\u2014\u2014\u2014\u2014\u2014\u2014\u2014\u2014\u2014\u2014\u2014\u2014\u2014\u2014\u2014\u2014\u2014\u2014\u2014\u2014\u2014\u2014\u2014\u2014\u2014\u2014\u2014\u2014\u2014\u2013<br \/>\nENCU\u00c9NTRANOS EN:<br \/>\nOrdo\u00f1ez Lasso y Los \u00c1lamos esquina \u2013 Edificio Escand\u00f3n.<br \/>\nINFORMACI\u00d3N Y CITAS:<br \/>\n099 869 4960 \u2013 099 861 41 86<br \/>\nwww.dcasainmobiliaria.com<\/p>\n","protected":false},"excerpt":{"rendered":"<p>Vendo Departamento 2 dormitorios por estrenar en Cuenca sector Primero de Mayo 2 garajes\u00a0 y terraza PRECIO: $221.000 \u00c1REA TOTAL: 167.97 m2 \u00c1rea \u00fatil: 124.91m2 \u00c1rea garaje: 29.51m2 \u00c1rea terraza: 7.99 m2 Bodega: 5,56 m2* DISTRIBUCI\u00d3N: Sala, comedor, desayunador, cocina con extractor de olores, lavander\u00eda amplia con lavador de ropa, 1 Dormitorio con walking closet [&hellip;]<\/p>\n","protected":false},"author":1,"featured_media":51656,"parent":0,"menu_order":0,"template":"","property_type":[13],"property_status":[21],"property_feature":[104,99,100,312,102,200,105,114,109,82,89,103,393,181,26,112,113,186,193,101],"property_label":[203,416,418],"property_city":[37,140],"property_area":[],"property_state":[65],"class_list":["post-51653","property","type-property","status-publish","has-post-thumbnail","hentry","property_type-departamentos","property_status-venta","property_feature-agua-caliente","property_feature-agua-potable","property_feature-alcantarillado","property_feature-alicuota","property_feature-alumbrado-publico","property_feature-areas-comunales","property_feature-ascensor","property_feature-bbq","property_feature-condominio-privado","property_feature-extractor-de-olores","property_feature-full-obras","property_feature-gas-centralizado","property_feature-generador-electrico","property_feature-hermosa-vista","property_feature-lavanderia","property_feature-puerta-electrica","property_feature-sala-comunal","property_feature-sector-residencial","property_feature-terraza","property_feature-veredas","property_label-por-estrenar","property_label-terraza","property_label-vista-al-rio","property_city-cuenca","property_city-parroquia-yanuncay","property_state-azuay"],"_links":{"self":[{"href":"https:\/\/dcasainmobiliaria.com\/index.php\/wp-json\/wp\/v2\/properties\/51653","targetHints":{"allow":["GET"]}}],"collection":[{"href":"https:\/\/dcasainmobiliaria.com\/index.php\/wp-json\/wp\/v2\/properties"}],"about":[{"href":"https:\/\/dcasainmobiliaria.com\/index.php\/wp-json\/wp\/v2\/types\/property"}],"author":[{"embeddable":true,"href":"https:\/\/dcasainmobiliaria.com\/index.php\/wp-json\/wp\/v2\/users\/1"}],"version-history":[{"count":14,"href":"https:\/\/dcasainmobiliaria.com\/index.php\/wp-json\/wp\/v2\/properties\/51653\/revisions"}],"predecessor-version":[{"id":52249,"href":"https:\/\/dcasainmobiliaria.com\/index.php\/wp-json\/wp\/v2\/properties\/51653\/revisions\/52249"}],"wp:featuredmedia":[{"embeddable":true,"href":"https:\/\/dcasainmobiliaria.com\/index.php\/wp-json\/wp\/v2\/media\/51656"}],"wp:attachment":[{"href":"https:\/\/dcasainmobiliaria.com\/index.php\/wp-json\/wp\/v2\/media?parent=51653"}],"wp:term":[{"taxonomy":"property_type","embeddable":true,"href":"https:\/\/dcasainmobiliaria.com\/index.php\/wp-json\/wp\/v2\/property_type?post=51653"},{"taxonomy":"property_status","embeddable":true,"href":"https:\/\/dcasainmobiliaria.com\/index.php\/wp-json\/wp\/v2\/property_status?post=51653"},{"taxonomy":"property_feature","embeddable":true,"href":"https:\/\/dcasainmobiliaria.com\/index.php\/wp-json\/wp\/v2\/property_feature?post=51653"},{"taxonomy":"property_label","embeddable":true,"href":"https:\/\/dcasainmobiliaria.com\/index.php\/wp-json\/wp\/v2\/property_label?post=51653"},{"taxonomy":"property_city","embeddable":true,"href":"https:\/\/dcasainmobiliaria.com\/index.php\/wp-json\/wp\/v2\/property_city?post=51653"},{"taxonomy":"property_area","embeddable":true,"href":"https:\/\/dcasainmobiliaria.com\/index.php\/wp-json\/wp\/v2\/property_area?post=51653"},{"taxonomy":"property_state","embeddable":true,"href":"https:\/\/dcasainmobiliaria.com\/index.php\/wp-json\/wp\/v2\/property_state?post=51653"}],"curies":[{"name":"wp","href":"https:\/\/api.w.org\/{rel}","templated":true}]}}

<p>Vendo Departamento 2 dormitorios por estrenar en Cuenca sector Primero de Mayo 2 garajes  y terraza</p>
<p>PRECIO: $221.000</p>
<div dir="auto">ÁREA TOTAL: 167.97 m2</div>
<div dir="auto">Área útil: 124.91m2</div>
<div dir="auto">Área garaje: 29.51m2</div>
<div dir="auto">Área terraza: 7.99 m2</div>
<div dir="auto">Bodega: 5,56 m2*</div>
<p>DISTRIBUCIÓN:<br />
Sala, comedor, desayunador, cocina con extractor de olores, lavandería amplia con lavador de ropa, 1 Dormitorio con walking closet y baño privado, 1 dormitorio con vestidor y baño privado, sala de tv, terraza, 2 garajes y bodega</p>
<p>SERVICIOS:<br />
Áreas sociales: Acabados de lujo, sostenibilidad (paneles solares), y excelentes amenidades como  área BBQ,  zona coworking,  fire pit y conexión directa con áreas verdes y el tranvía, con ventanas de PVC <span class="T286Pc" data-sfc-cp="" data-processed="true"> para aislamiento acústico. </span>ofreciendo una vida urbana de confort y estilo.<span class="uJ19be notranslate" data-wiz-uids="aCvhhf_f" data-processed="true"><span class="vKEkVd" data-animation-atomic="" data-wiz-attrbind="class=aCvhhf_e/TKHnVd" data-processed="true"> </span></span></p>
<p>VENTAJAS:<br />
Cerca de centros comerciales, hoteles, restaurantes, hospitales, clínicas, tiendas, farmacias, panaderías, bancos, linea de buses, centros educativos privados y públicos, zona de alta plusvalía, con terminados de primera, cuenta con todas las comodidades y muy bien ubicado.</p>
<p>————————————————————————————————————–<br />
ENCUÉNTRANOS EN:<br />
Ordoñez Lasso y Los Álamos esquina – Edificio Escandón.<br />
INFORMACIÓN Y CITAS:<br />
099 869 4960 – 099 861 41 86<br />
www.dcasainmobiliaria.com</p>

<p>Vendo Departamento 2 dormitorios por estrenar en Cuenca sector Primero de Mayo 2 garajes  y terraza PRECIO: $221.000 ÁREA TOTAL: 167.97 m2 Área útil: 124.91m2 Área garaje: 29.51m2 Área terraza: 7.99 m2 Bodega: 5,56 m2* DISTRIBUCIÓN: Sala, comedor, desayunador, cocina con extractor de olores, lavandería amplia con lavador de ropa, 1 Dormitorio con walking closet [&hellip;]</p>
