{"id":55697,"date":"2026-08-31T11:30:53","date_gmt":"2026-08-31T16:30:53","guid":{"rendered":"https:\/\/dcasainmobiliaria.com\/?post_type=property&#038;p=55697"},"modified":"2026-08-31T12:13:37","modified_gmt":"2026-08-31T17:13:37","slug":"suite-amoblada-en-venta-av-ordonez-lasso-cuenca","status":"publish","type":"property","link":"https:\/\/dcasainmobiliaria.com\/index.php\/property\/suite-amoblada-en-venta-av-ordonez-lasso-cuenca\/","title":{"rendered":"SUITE AMOBLADA EN VENTA \u2013 AV. ORD\u00d3\u00d1EZ LASSO, CUENCA"},"content":{"rendered":"<h1>SUITE AMOBLADA EN VENTA \u2013 AV. ORD\u00d3\u00d1EZ LASSO, CUENCA<\/h1>\n<h2>PRECIO: $79.000 | POCO NEGOCIABLE<\/h2>\n<p class=\"isSelectedEnd\">Excelente oportunidad para vivir o invertir en uno de los sectores residenciales de mayor desarrollo y plusval\u00eda de Cuenca. Suite completamente amoblada, funcional y acogedora, ubicada en la Av. Ord\u00f3\u00f1ez Lasso, dentro de una torre residencial con seguridad permanente y ascensor.<\/p>\n<h3>CARACTER\u00cdSTICAS<\/h3>\n<p class=\"isSelectedEnd\">\u00c1rea \u00fatil: 47,50 m\u00b2 | Completamente amoblada | 1 garaje 12.50 m\u00b2 | \u00a0total: 60m\u00b2<\/p>\n<h3>DISTRIBUCI\u00d3N<\/h3>\n<p class=\"isSelectedEnd\">Sala | cocina con desayunador | 1 dormitorio | ba\u00f1o completo | \u00e1rea de lavander\u00eda.<\/p>\n<h3>EDIFICIO<\/h3>\n<p class=\"isSelectedEnd\">Guardian\u00eda privada 24\/7 | Ascensor | Torre residencial | Garaje | Bodega.<\/p>\n<h3>UBICACI\u00d3N Y VENTAJAS<\/h3>\n<p class=\"isSelectedEnd\">Excelente ubicaci\u00f3n sobre la Av. Ord\u00f3\u00f1ez Lasso, en un sector residencial consolidado y de alta plusval\u00eda, con f\u00e1cil acceso al centro de Cuenca y cercan\u00eda a supermercados, restaurantes, comercios, transporte p\u00fablico y diferentes servicios.<\/p>\n<p class=\"isSelectedEnd\">Una propiedad lista para habitar y una excelente alternativa para inversi\u00f3n por su ubicaci\u00f3n, tama\u00f1o y facilidad de arrendamiento.<\/p>\n<h3>CONT\u00c1CTENOS<\/h3>\n<p class=\"isSelectedEnd\">D\u2019Casa Real Estate<\/p>\n<p class=\"isSelectedEnd\">099 869 4960 | 099 861 4186<\/p>\n<p class=\"isSelectedEnd\">Oficinas: Ord\u00f3\u00f1ez Lasso y Los \u00c1lamos esquina, Cuenca<\/p>\n<p><a href=\"http:\/\/www.dcasainmobiliaria.com\">www.dcasainmobiliaria.com<\/a><\/p>\n","protected":false},"excerpt":{"rendered":"<p>SUITE AMOBLADA EN VENTA \u2013 AV. ORD\u00d3\u00d1EZ LASSO, CUENCA PRECIO: $79.000 | POCO NEGOCIABLE Excelente oportunidad para vivir o invertir en uno de los sectores residenciales de mayor desarrollo y plusval\u00eda de Cuenca. Suite completamente amoblada, funcional y acogedora, ubicada en la Av. Ord\u00f3\u00f1ez Lasso, dentro de una torre residencial con seguridad permanente y ascensor. [&hellip;]<\/p>\n","protected":false},"author":1,"featured_media":55712,"parent":0,"menu_order":0,"template":"","property_type":[13],"property_status":[21],"property_feature":[99,100,312,102,384,105,339,109,54,268,82,106,181,26,112,186,101],"property_label":[415,79],"property_city":[37,137],"property_area":[263],"property_state":[65],"class_list":["post-55697","property","type-property","status-publish","has-post-thumbnail","hentry","property_type-departamentos","property_status-venta","property_feature-agua-potable","property_feature-alcantarillado","property_feature-alicuota","property_feature-alumbrado-publico","property_feature-amoblado","property_feature-ascensor","property_feature-asfalto","property_feature-condominio-privado","property_feature-cortinas","property_feature-encimera-a-gas","property_feature-extractor-de-olores","property_feature-guardiania-privada-24-7","property_feature-hermosa-vista","property_feature-lavanderia","property_feature-puerta-electrica","property_feature-sector-residencial","property_feature-veredas","property_label-1-dormitorio","property_label-amoblado","property_city-cuenca","property_city-parroquia-san-sebastian","property_area-ordonez-lasso","property_state-azuay"],"_links":{"self":[{"href":"https:\/\/dcasainmobiliaria.com\/index.php\/wp-json\/wp\/v2\/properties\/55697","targetHints":{"allow":["GET"]}}],"collection":[{"href":"https:\/\/dcasainmobiliaria.com\/index.php\/wp-json\/wp\/v2\/properties"}],"about":[{"href":"https:\/\/dcasainmobiliaria.com\/index.php\/wp-json\/wp\/v2\/types\/property"}],"author":[{"embeddable":true,"href":"https:\/\/dcasainmobiliaria.com\/index.php\/wp-json\/wp\/v2\/users\/1"}],"version-history":[{"count":4,"href":"https:\/\/dcasainmobiliaria.com\/index.php\/wp-json\/wp\/v2\/properties\/55697\/revisions"}],"predecessor-version":[{"id":55723,"href":"https:\/\/dcasainmobiliaria.com\/index.php\/wp-json\/wp\/v2\/properties\/55697\/revisions\/55723"}],"wp:featuredmedia":[{"embeddable":true,"href":"https:\/\/dcasainmobiliaria.com\/index.php\/wp-json\/wp\/v2\/media\/55712"}],"wp:attachment":[{"href":"https:\/\/dcasainmobiliaria.com\/index.php\/wp-json\/wp\/v2\/media?parent=55697"}],"wp:term":[{"taxonomy":"property_type","embeddable":true,"href":"https:\/\/dcasainmobiliaria.com\/index.php\/wp-json\/wp\/v2\/property_type?post=55697"},{"taxonomy":"property_status","embeddable":true,"href":"https:\/\/dcasainmobiliaria.com\/index.php\/wp-json\/wp\/v2\/property_status?post=55697"},{"taxonomy":"property_feature","embeddable":true,"href":"https:\/\/dcasainmobiliaria.com\/index.php\/wp-json\/wp\/v2\/property_feature?post=55697"},{"taxonomy":"property_label","embeddable":true,"href":"https:\/\/dcasainmobiliaria.com\/index.php\/wp-json\/wp\/v2\/property_label?post=55697"},{"taxonomy":"property_city","embeddable":true,"href":"https:\/\/dcasainmobiliaria.com\/index.php\/wp-json\/wp\/v2\/property_city?post=55697"},{"taxonomy":"property_area","embeddable":true,"href":"https:\/\/dcasainmobiliaria.com\/index.php\/wp-json\/wp\/v2\/property_area?post=55697"},{"taxonomy":"property_state","embeddable":true,"href":"https:\/\/dcasainmobiliaria.com\/index.php\/wp-json\/wp\/v2\/property_state?post=55697"}],"curies":[{"name":"wp","href":"https:\/\/api.w.org\/{rel}","templated":true}]}}

SUITE AMOBLADA EN VENTA – AV. ORDÓÑEZ LASSO, CUENCA

<h1>SUITE AMOBLADA EN VENTA – AV. ORDÓÑEZ LASSO, CUENCA</h1>
<h2>PRECIO: $79.000 | POCO NEGOCIABLE</h2>
<p class="isSelectedEnd">Excelente oportunidad para vivir o invertir en uno de los sectores residenciales de mayor desarrollo y plusvalía de Cuenca. Suite completamente amoblada, funcional y acogedora, ubicada en la Av. Ordóñez Lasso, dentro de una torre residencial con seguridad permanente y ascensor.</p>
<h3>CARACTERÍSTICAS</h3>
<p class="isSelectedEnd">Área útil: 47,50 m² | Completamente amoblada | 1 garaje 12.50 m² |  total: 60m²</p>
<h3>DISTRIBUCIÓN</h3>
<p class="isSelectedEnd">Sala | cocina con desayunador | 1 dormitorio | baño completo | área de lavandería.</p>
<h3>EDIFICIO</h3>
<p class="isSelectedEnd">Guardianía privada 24/7 | Ascensor | Torre residencial | Garaje | Bodega.</p>
<h3>UBICACIÓN Y VENTAJAS</h3>
<p class="isSelectedEnd">Excelente ubicación sobre la Av. Ordóñez Lasso, en un sector residencial consolidado y de alta plusvalía, con fácil acceso al centro de Cuenca y cercanía a supermercados, restaurantes, comercios, transporte público y diferentes servicios.</p>
<p class="isSelectedEnd">Una propiedad lista para habitar y una excelente alternativa para inversión por su ubicación, tamaño y facilidad de arrendamiento.</p>
<h3>CONTÁCTENOS</h3>
<p class="isSelectedEnd">D’Casa Real Estate</p>
<p class="isSelectedEnd">099 869 4960 | 099 861 4186</p>
<p class="isSelectedEnd">Oficinas: Ordóñez Lasso y Los Álamos esquina, Cuenca</p>
<p><a href="http://www.dcasainmobiliaria.com">www.dcasainmobiliaria.com</a></p>

<p>SUITE AMOBLADA EN VENTA – AV. ORDÓÑEZ LASSO, CUENCA PRECIO: $79.000 | POCO NEGOCIABLE Excelente oportunidad para vivir o invertir en uno de los sectores residenciales de mayor desarrollo y plusvalía de Cuenca. Suite completamente amoblada, funcional y acogedora, ubicada en la Av. Ordóñez Lasso, dentro de una torre residencial con seguridad permanente y ascensor. [&hellip;]</p>
