{"id":55724,"date":"2026-09-01T20:25:18","date_gmt":"2026-09-02T01:25:18","guid":{"rendered":"https:\/\/dcasainmobiliaria.com\/?post_type=property&#038;p=55724"},"modified":"2026-09-01T20:28:20","modified_gmt":"2026-09-02T01:28:20","slug":"departamento-por-estrenar-en-venta-sector-los-totems","status":"publish","type":"property","link":"https:\/\/dcasainmobiliaria.com\/index.php\/property\/departamento-por-estrenar-en-venta-sector-los-totems\/","title":{"rendered":"DV-2022 I DEPARTAMENTO POR ESTRENAR EN VENTA \u2013 SECTOR LOS T\u00d3TEMS"},"content":{"rendered":"<h1 class=\"PDq2pG_selectionAnchorContainer\" data-section-id=\"18zma3h\" data-start=\"0\" data-end=\"56\">DEPARTAMENTO POR ESTRENAR EN VENTA \u2013 SECTOR LOS T\u00d3TEMS<\/h1>\n<h2 data-section-id=\"1nd61ei\" data-start=\"58\" data-end=\"98\">PRECIO: $125.000 | APLICA CR\u00c9DITO VIP<\/h2>\n<p data-start=\"100\" data-end=\"294\">Excelente oportunidad para estrenar departamento en el sector Los T\u00f3tems. Una propiedad moderna y funcional, ubicada en una zona residencial con f\u00e1cil acceso a comercios, transporte y servicios.<\/p>\n<h3 data-section-id=\"ykrc41\" data-start=\"296\" data-end=\"304\">\u00c1REA<\/h3>\n<p data-start=\"306\" data-end=\"385\">\u00c1rea de construcci\u00f3n: 88 m\u00b2 | Garaje: 18 m\u00b2 | Bodega: 2 m\u00b2 | \u00c1rea total: 108 m\u00b2<\/p>\n<h3 data-section-id=\"80gxfb\" data-start=\"387\" data-end=\"403\">DISTRIBUCI\u00d3N<\/h3>\n<p data-start=\"405\" data-end=\"593\">Amplia sala, comedor y cocina con desayunador | balc\u00f3n | lavander\u00eda amplia | dormitorio m\u00e1ster con walk-in closet y ba\u00f1o privado | dormitorio adicional | ba\u00f1o completo compartido y social.<\/p>\n<h3 data-section-id=\"bxtiw7\" data-start=\"595\" data-end=\"606\">INCLUYE<\/h3>\n<p data-start=\"608\" data-end=\"628\">1 garaje | 1 bodega.<\/p>\n<h3 data-section-id=\"bakmk7\" data-start=\"630\" data-end=\"648\">FINANCIAMIENTO<\/h3>\n<p data-start=\"650\" data-end=\"721\">Aplica Cr\u00e9dito VIP, sujeto a calificaci\u00f3n de la instituci\u00f3n financiera.<\/p>\n<h3 data-section-id=\"ijh1qp\" data-start=\"723\" data-end=\"738\">CONT\u00c1CTENOS<\/h3>\n<p data-start=\"740\" data-end=\"872\" data-is-last-node=\"\" data-is-only-node=\"\"><strong data-start=\"740\" data-end=\"762\">D\u2019Casa Real Estate<\/strong><br data-start=\"762\" data-end=\"765\" \/>099 869 4960 | 099 861 4189<br data-start=\"792\" data-end=\"795\" \/>Oficinas: Av. Ord\u00f3\u00f1ez Lasso y Los \u00c1lamos, esquina<br data-start=\"844\" data-end=\"847\" \/><a class=\"decorated-link cursor-pointer\" target=\"_new\" rel=\"noopener\" data-start=\"847\" data-end=\"872\" data-is-last-node=\"\">www.dcasainmobiliaria.com<\/a><\/p>\n","protected":false},"excerpt":{"rendered":"<p>DEPARTAMENTO POR ESTRENAR EN VENTA \u2013 SECTOR LOS T\u00d3TEMS PRECIO: $125.000 | APLICA CR\u00c9DITO VIP Excelente oportunidad para estrenar departamento en el sector Los T\u00f3tems. Una propiedad moderna y funcional, ubicada en una zona residencial con f\u00e1cil acceso a comercios, transporte y servicios. \u00c1REA \u00c1rea de construcci\u00f3n: 88 m\u00b2 | Garaje: 18 m\u00b2 | Bodega: [&hellip;]<\/p>\n","protected":false},"author":1,"featured_media":55726,"parent":0,"menu_order":0,"template":"","property_type":[13],"property_status":[21],"property_feature":[99,100,312,102,105,339,179,109,103,393,26,313,112,186,101],"property_label":[429,420,64,176,203],"property_city":[37,128],"property_area":[300,380],"property_state":[65],"class_list":["post-55724","property","type-property","status-publish","has-post-thumbnail","hentry","property_type-departamentos","property_status-venta","property_feature-agua-potable","property_feature-alcantarillado","property_feature-alicuota","property_feature-alumbrado-publico","property_feature-ascensor","property_feature-asfalto","property_feature-balcon","property_feature-condominio-privado","property_feature-gas-centralizado","property_feature-generador-electrico","property_feature-lavanderia","property_feature-luz-electrica","property_feature-puerta-electrica","property_feature-sector-residencial","property_feature-veredas","property_label-alcantarillado","property_label-balcon","property_label-de-oportunidad","property_label-full-obras","property_label-por-estrenar","property_city-cuenca","property_city-parroquia-el-batan","property_area-remigio-crespo","property_area-unidad-nacional","property_state-azuay"],"_links":{"self":[{"href":"https:\/\/dcasainmobiliaria.com\/index.php\/wp-json\/wp\/v2\/properties\/55724","targetHints":{"allow":["GET"]}}],"collection":[{"href":"https:\/\/dcasainmobiliaria.com\/index.php\/wp-json\/wp\/v2\/properties"}],"about":[{"href":"https:\/\/dcasainmobiliaria.com\/index.php\/wp-json\/wp\/v2\/types\/property"}],"author":[{"embeddable":true,"href":"https:\/\/dcasainmobiliaria.com\/index.php\/wp-json\/wp\/v2\/users\/1"}],"version-history":[{"count":2,"href":"https:\/\/dcasainmobiliaria.com\/index.php\/wp-json\/wp\/v2\/properties\/55724\/revisions"}],"predecessor-version":[{"id":55752,"href":"https:\/\/dcasainmobiliaria.com\/index.php\/wp-json\/wp\/v2\/properties\/55724\/revisions\/55752"}],"wp:featuredmedia":[{"embeddable":true,"href":"https:\/\/dcasainmobiliaria.com\/index.php\/wp-json\/wp\/v2\/media\/55726"}],"wp:attachment":[{"href":"https:\/\/dcasainmobiliaria.com\/index.php\/wp-json\/wp\/v2\/media?parent=55724"}],"wp:term":[{"taxonomy":"property_type","embeddable":true,"href":"https:\/\/dcasainmobiliaria.com\/index.php\/wp-json\/wp\/v2\/property_type?post=55724"},{"taxonomy":"property_status","embeddable":true,"href":"https:\/\/dcasainmobiliaria.com\/index.php\/wp-json\/wp\/v2\/property_status?post=55724"},{"taxonomy":"property_feature","embeddable":true,"href":"https:\/\/dcasainmobiliaria.com\/index.php\/wp-json\/wp\/v2\/property_feature?post=55724"},{"taxonomy":"property_label","embeddable":true,"href":"https:\/\/dcasainmobiliaria.com\/index.php\/wp-json\/wp\/v2\/property_label?post=55724"},{"taxonomy":"property_city","embeddable":true,"href":"https:\/\/dcasainmobiliaria.com\/index.php\/wp-json\/wp\/v2\/property_city?post=55724"},{"taxonomy":"property_area","embeddable":true,"href":"https:\/\/dcasainmobiliaria.com\/index.php\/wp-json\/wp\/v2\/property_area?post=55724"},{"taxonomy":"property_state","embeddable":true,"href":"https:\/\/dcasainmobiliaria.com\/index.php\/wp-json\/wp\/v2\/property_state?post=55724"}],"curies":[{"name":"wp","href":"https:\/\/api.w.org\/{rel}","templated":true}]}}

DV-2022 I DEPARTAMENTO POR ESTRENAR EN VENTA – SECTOR LOS TÓTEMS

<h1 class="PDq2pG_selectionAnchorContainer" data-section-id="18zma3h" data-start="0" data-end="56">DEPARTAMENTO POR ESTRENAR EN VENTA – SECTOR LOS TÓTEMS</h1>
<h2 data-section-id="1nd61ei" data-start="58" data-end="98">PRECIO: $125.000 | APLICA CRÉDITO VIP</h2>
<p data-start="100" data-end="294">Excelente oportunidad para estrenar departamento en el sector Los Tótems. Una propiedad moderna y funcional, ubicada en una zona residencial con fácil acceso a comercios, transporte y servicios.</p>
<h3 data-section-id="ykrc41" data-start="296" data-end="304">ÁREA</h3>
<p data-start="306" data-end="385">Área de construcción: 88 m² | Garaje: 18 m² | Bodega: 2 m² | Área total: 108 m²</p>
<h3 data-section-id="80gxfb" data-start="387" data-end="403">DISTRIBUCIÓN</h3>
<p data-start="405" data-end="593">Amplia sala, comedor y cocina con desayunador | balcón | lavandería amplia | dormitorio máster con walk-in closet y baño privado | dormitorio adicional | baño completo compartido y social.</p>
<h3 data-section-id="bxtiw7" data-start="595" data-end="606">INCLUYE</h3>
<p data-start="608" data-end="628">1 garaje | 1 bodega.</p>
<h3 data-section-id="bakmk7" data-start="630" data-end="648">FINANCIAMIENTO</h3>
<p data-start="650" data-end="721">Aplica Crédito VIP, sujeto a calificación de la institución financiera.</p>
<h3 data-section-id="ijh1qp" data-start="723" data-end="738">CONTÁCTENOS</h3>
<p data-start="740" data-end="872" data-is-last-node="" data-is-only-node=""><strong data-start="740" data-end="762">D’Casa Real Estate</strong><br data-start="762" data-end="765" />099 869 4960 | 099 861 4189<br data-start="792" data-end="795" />Oficinas: Av. Ordóñez Lasso y Los Álamos, esquina<br data-start="844" data-end="847" /><a class="decorated-link cursor-pointer" target="_new" rel="noopener" data-start="847" data-end="872" data-is-last-node="">www.dcasainmobiliaria.com</a></p>

<p>DEPARTAMENTO POR ESTRENAR EN VENTA – SECTOR LOS TÓTEMS PRECIO: $125.000 | APLICA CRÉDITO VIP Excelente oportunidad para estrenar departamento en el sector Los Tótems. Una propiedad moderna y funcional, ubicada en una zona residencial con fácil acceso a comercios, transporte y servicios. ÁREA Área de construcción: 88 m² | Garaje: 18 m² | Bodega: [&hellip;]</p>
